{"id":61,"date":"2026-01-18T14:24:14","date_gmt":"2026-01-18T19:24:14","guid":{"rendered":"https:\/\/massotherapiekine3riv.ca\/?page_id=61"},"modified":"2026-01-23T12:49:21","modified_gmt":"2026-01-23T17:49:21","slug":"home","status":"publish","type":"page","link":"https:\/\/massotherapiekine3riv.ca\/","title":{"rendered":"Massoth\u00e9rapie-Kin\u00e9 Trois-Rivi\u00e8res"},"content":{"rendered":"\n<div class=\"wp-block-columns container is-layout-flex wp-container-core-columns-is-layout-28f84493 wp-block-columns-is-layout-flex\">\n<div class=\"wp-block-column col-md-5 is-layout-flow wp-block-column-is-layout-flow\">\n<h2 class=\"wp-block-heading\">M\u00e9lanie Garneau<\/h2>\n\n\n\n<p>Je suis massoth\u00e9rapeute et kin\u00e9sith\u00e9rapeute depuis plus de 10 ans dans le secteur de Trois-Rivi\u00e8res. Affili\u00e9e au <a href=\"https:\/\/rmpq.ca\/repertoire-des-membres\/trois-rivieres\/melanie-garneau-62720\/\" type=\"link\" id=\"https:\/\/rmpq.ca\/repertoire-des-membres\/trois-rivieres\/melanie-garneau-62720\/\">r\u00e9seau des massoth\u00e9rapeutes professionnels du Qu\u00e9bec<\/a>, je m&rsquo;assure de suivre les lignes directrices de ma profession. <\/p>\n\n\n\n<p>Je suis une massoth\u00e9rapeute et kin\u00e9sith\u00e9rapeute passionn\u00e9e et bienveillante. J\u2019ai choisi cette carri\u00e8re car je crois profond\u00e9ment que personne ne devrait avoir \u00e0 apprendre \u00e0 vivre avec la douleur. Lorsque des solutions sont possibles pour soulager le corps et am\u00e9liorer le quotidien, il faut y rem\u00e9dier.<\/p>\n\n\n\n<p>Chaque personne que je rencontre est unique. Il ne faut pas oublier que votre corps, votre histoire et vos besoins m\u00e9ritent mon attention. Il faut souligner \u00e9galement que je prends le temps de vous \u00e9couter, de comprendre ce que vous vivez et d\u2019adapter chaque soin \u00e0 votre r\u00e9alit\u00e9 . \u00c0 chaque rendez-vous, je fais un suivi attentif de votre \u00e9volution dans le but d&rsquo;ajuster mes interventions et de vous accompagner de fa\u00e7on efficace et respectueuse de votre rythme.<\/p>\n\n\n\n<p>Dans mon local de Trois-Rivi\u00e8res Ouest, vous serez accueilli dans un espace calme, humain et s\u00e9curisant et  ne serez jamais trait\u00e9 comme un num\u00e9ro. Mon approche est douce, personnalis\u00e9e et ax\u00e9e sur la confiance. <\/p>\n\n\n\n<p>Mon objectif est de vous offrir ce qu&rsquo;il y a de mieux comme techniques de massage et de kin\u00e9sith\u00e9rapie. Dans le but d&rsquo;y arriver, je peux vous proposer des soins efficaces, durables et adapt\u00e9s \u00e0 vos besoins. <\/p>\n\n\n\n<p>Consultez mon blog pour des trucs et des astuces utiles.<\/p>\n<\/div>\n\n\n\n<div class=\"wp-block-column col-md-6 col-md-offset1 is-layout-flow wp-block-column-is-layout-flow\">\n<figure class=\"wp-block-gallery has-nested-images columns-default is-cropped wp-block-gallery-1 is-layout-flex wp-block-gallery-is-layout-flex\">\n<figure class=\"wp-block-image size-full\"><img loading=\"lazy\" decoding=\"async\" width=\"955\" height=\"960\" data-id=\"112\" src=\"https:\/\/massotherapiekine3riv.ca\/wp-content\/uploads\/2026\/01\/1000030197.jpg\" alt=\"\" class=\"wp-image-112\" srcset=\"https:\/\/massotherapiekine3riv.ca\/wp-content\/uploads\/2026\/01\/1000030197.jpg 955w, https:\/\/massotherapiekine3riv.ca\/wp-content\/uploads\/2026\/01\/1000030197-298x300.jpg 298w, https:\/\/massotherapiekine3riv.ca\/wp-content\/uploads\/2026\/01\/1000030197-150x150.jpg 150w, https:\/\/massotherapiekine3riv.ca\/wp-content\/uploads\/2026\/01\/1000030197-768x772.jpg 768w\" sizes=\"auto, (max-width: 955px) 100vw, 955px\" \/><\/figure>\n<\/figure>\n\n\n\n<p>Ma mission est de vous aider \u00e0 vous reconnecter \u00e0 votre corps dans le but d&rsquo;apaiser les tensions, de retrouver votre \u00e9quilibre, votre confort et votre vitalit\u00e9. Bref, je suis l\u00e0 pour que vous puissiez vous sentir bien!<\/p>\n<\/div>\n<\/div>\n\n\n\n<div id=\"wp-block-themeisle-blocks-button-group-cb89e9eb\" class=\"wp-block-themeisle-blocks-button-group wp-block-buttons align-center-desktop\">\n<div id=\"wp-block-themeisle-blocks-button-f73b997d\" class=\"wp-block-themeisle-blocks-button wp-block-button\"><a href=\"https:\/\/massotherapiekine3riv.ca\/?page_id=123\" target=\"_self\" rel=\"noopener noreferrer\" class=\"wp-block-button__link\"><span>Massoth\u00e9rapie-Kin\u00e9 Trois-Rivi\u00e8res: Le blog<\/span><\/a><\/div>\n<\/div>\n\n\n\n<p><\/p>\n","protected":false},"excerpt":{"rendered":"<p>M\u00e9lanie Garneau Je suis massoth\u00e9rapeute et kin\u00e9sith\u00e9rapeute depuis plus de 10 ans dans le secteur de Trois-Rivi\u00e8res. Affili\u00e9e au r\u00e9seau des massoth\u00e9rapeutes professionnels du Qu\u00e9bec, je m&rsquo;assure de suivre les lignes directrices de ma profession. Je suis une massoth\u00e9rapeute et kin\u00e9sith\u00e9rapeute passionn\u00e9e et bienveillante. J\u2019ai choisi cette carri\u00e8re car je [&hellip;]<\/p>\n","protected":false},"author":1,"featured_media":0,"parent":0,"menu_order":0,"comment_status":"closed","ping_status":"closed","template":"","meta":{"_themeisle_gutenberg_block_has_review":false,"footnotes":""},"class_list":["post-61","page","type-page","status-publish","hentry"],"yoast_head":"<!-- This site is optimized with the Yoast SEO plugin v27.4 - https:\/\/yoast.com\/product\/yoast-seo-wordpress\/ -->\n<title>Massoth\u00e9rapie-Kin\u00e9 Trois-Rivi\u00e8res - Massoth\u00e9rapie-Kin\u00e9 Trois-Rivi\u00e8res<\/title>\n<meta name=\"robots\" content=\"index, follow, max-snippet:-1, max-image-preview:large, max-video-preview:-1\" \/>\n<link rel=\"canonical\" href=\"https:\/\/massotherapiekine3riv.ca\/\" \/>\n<meta property=\"og:locale\" content=\"fr_CA\" \/>\n<meta property=\"og:type\" content=\"article\" \/>\n<meta property=\"og:title\" content=\"Massoth\u00e9rapie-Kin\u00e9 Trois-Rivi\u00e8res - Massoth\u00e9rapie-Kin\u00e9 Trois-Rivi\u00e8res\" \/>\n<meta property=\"og:description\" content=\"M\u00e9lanie Garneau Je suis massoth\u00e9rapeute et kin\u00e9sith\u00e9rapeute depuis plus de 10 ans dans le secteur de Trois-Rivi\u00e8res. Affili\u00e9e au r\u00e9seau des massoth\u00e9rapeutes professionnels du Qu\u00e9bec, je m&rsquo;assure de suivre les lignes directrices de ma profession. Je suis une massoth\u00e9rapeute et kin\u00e9sith\u00e9rapeute passionn\u00e9e et bienveillante. J\u2019ai choisi cette carri\u00e8re car je [&hellip;]\" \/>\n<meta property=\"og:url\" content=\"https:\/\/massotherapiekine3riv.ca\/\" \/>\n<meta property=\"og:site_name\" content=\"Massoth\u00e9rapie-Kin\u00e9 Trois-Rivi\u00e8res\" \/>\n<meta property=\"article:publisher\" content=\"https:\/\/www.facebook.com\/profile.php?id=61583209603912&amp;locale=fr_CA\" \/>\n<meta property=\"article:modified_time\" content=\"2026-01-23T17:49:21+00:00\" \/>\n<meta property=\"og:image\" content=\"https:\/\/massotherapiekine3riv.ca\/wp-content\/uploads\/2026\/01\/1000030197.jpg\" \/>\n\t<meta property=\"og:image:width\" content=\"955\" \/>\n\t<meta property=\"og:image:height\" content=\"960\" \/>\n\t<meta property=\"og:image:type\" content=\"image\/jpeg\" \/>\n<meta name=\"twitter:card\" content=\"summary_large_image\" \/>\n<meta name=\"twitter:label1\" content=\"Estimation du temps de lecture\" \/>\n\t<meta name=\"twitter:data1\" content=\"2 minutes\" \/>\n<script type=\"application\/ld+json\" class=\"yoast-schema-graph\">{\"@context\":\"https:\\\/\\\/schema.org\",\"@graph\":[{\"@type\":\"WebPage\",\"@id\":\"https:\\\/\\\/massotherapiekine3riv.ca\\\/\",\"url\":\"https:\\\/\\\/massotherapiekine3riv.ca\\\/\",\"name\":\"Massoth\u00e9rapie-Kin\u00e9 Trois-Rivi\u00e8res - Massoth\u00e9rapie-Kin\u00e9 Trois-Rivi\u00e8res\",\"isPartOf\":{\"@id\":\"https:\\\/\\\/massotherapiekine3riv.ca\\\/#website\"},\"primaryImageOfPage\":{\"@id\":\"https:\\\/\\\/massotherapiekine3riv.ca\\\/#primaryimage\"},\"image\":{\"@id\":\"https:\\\/\\\/massotherapiekine3riv.ca\\\/#primaryimage\"},\"thumbnailUrl\":\"https:\\\/\\\/massotherapiekine3riv.ca\\\/wp-content\\\/uploads\\\/2026\\\/01\\\/1000030197.jpg\",\"datePublished\":\"2026-01-18T19:24:14+00:00\",\"dateModified\":\"2026-01-23T17:49:21+00:00\",\"breadcrumb\":{\"@id\":\"https:\\\/\\\/massotherapiekine3riv.ca\\\/#breadcrumb\"},\"inLanguage\":\"fr-CA\",\"potentialAction\":[{\"@type\":\"ReadAction\",\"target\":[\"https:\\\/\\\/massotherapiekine3riv.ca\\\/\"]}]},{\"@type\":\"ImageObject\",\"inLanguage\":\"fr-CA\",\"@id\":\"https:\\\/\\\/massotherapiekine3riv.ca\\\/#primaryimage\",\"url\":\"https:\\\/\\\/massotherapiekine3riv.ca\\\/wp-content\\\/uploads\\\/2026\\\/01\\\/1000030197.jpg\",\"contentUrl\":\"https:\\\/\\\/massotherapiekine3riv.ca\\\/wp-content\\\/uploads\\\/2026\\\/01\\\/1000030197.jpg\",\"width\":955,\"height\":960},{\"@type\":\"BreadcrumbList\",\"@id\":\"https:\\\/\\\/massotherapiekine3riv.ca\\\/#breadcrumb\",\"itemListElement\":[{\"@type\":\"ListItem\",\"position\":1,\"name\":\"Accueil\",\"item\":\"https:\\\/\\\/massotherapiekine3riv.ca\\\/\"},{\"@type\":\"ListItem\",\"position\":2,\"name\":\"Massoth\u00e9rapie-Kin\u00e9 Trois-Rivi\u00e8res\"}]},{\"@type\":\"WebSite\",\"@id\":\"https:\\\/\\\/massotherapiekine3riv.ca\\\/#website\",\"url\":\"https:\\\/\\\/massotherapiekine3riv.ca\\\/\",\"name\":\"Massoth\u00e9rapie-Kin\u00e9 Trois-Rivi\u00e8res\",\"description\":\"Venez prendre soins de vous!\",\"publisher\":{\"@id\":\"https:\\\/\\\/massotherapiekine3riv.ca\\\/#organization\"},\"alternateName\":\"Massoth\u00e9rapie Kin\u00e9sith\u00e9rapie Trois-Rivi\u00e8res\",\"potentialAction\":[{\"@type\":\"SearchAction\",\"target\":{\"@type\":\"EntryPoint\",\"urlTemplate\":\"https:\\\/\\\/massotherapiekine3riv.ca\\\/?s={search_term_string}\"},\"query-input\":{\"@type\":\"PropertyValueSpecification\",\"valueRequired\":true,\"valueName\":\"search_term_string\"}}],\"inLanguage\":\"fr-CA\"},{\"@type\":\"Organization\",\"@id\":\"https:\\\/\\\/massotherapiekine3riv.ca\\\/#organization\",\"name\":\"Massoth\u00e9rapie-Kin\u00e9 Trois-Rivi\u00e8res\",\"url\":\"https:\\\/\\\/massotherapiekine3riv.ca\\\/\",\"logo\":{\"@type\":\"ImageObject\",\"inLanguage\":\"fr-CA\",\"@id\":\"https:\\\/\\\/massotherapiekine3riv.ca\\\/#\\\/schema\\\/logo\\\/image\\\/\",\"url\":\"https:\\\/\\\/massotherapiekine3riv.ca\\\/wp-content\\\/uploads\\\/2025\\\/11\\\/Logo-version-2.png\",\"contentUrl\":\"https:\\\/\\\/massotherapiekine3riv.ca\\\/wp-content\\\/uploads\\\/2025\\\/11\\\/Logo-version-2.png\",\"width\":349,\"height\":348,\"caption\":\"Massoth\u00e9rapie-Kin\u00e9 Trois-Rivi\u00e8res\"},\"image\":{\"@id\":\"https:\\\/\\\/massotherapiekine3riv.ca\\\/#\\\/schema\\\/logo\\\/image\\\/\"},\"sameAs\":[\"https:\\\/\\\/www.facebook.com\\\/profile.php?id=61583209603912&locale=fr_CA\"]}]}<\/script>\n<!-- \/ Yoast SEO plugin. -->","yoast_head_json":{"title":"Massoth\u00e9rapie-Kin\u00e9 Trois-Rivi\u00e8res - Massoth\u00e9rapie-Kin\u00e9 Trois-Rivi\u00e8res","robots":{"index":"index","follow":"follow","max-snippet":"max-snippet:-1","max-image-preview":"max-image-preview:large","max-video-preview":"max-video-preview:-1"},"canonical":"https:\/\/massotherapiekine3riv.ca\/","og_locale":"fr_CA","og_type":"article","og_title":"Massoth\u00e9rapie-Kin\u00e9 Trois-Rivi\u00e8res - Massoth\u00e9rapie-Kin\u00e9 Trois-Rivi\u00e8res","og_description":"M\u00e9lanie Garneau Je suis massoth\u00e9rapeute et kin\u00e9sith\u00e9rapeute depuis plus de 10 ans dans le secteur de Trois-Rivi\u00e8res. Affili\u00e9e au r\u00e9seau des massoth\u00e9rapeutes professionnels du Qu\u00e9bec, je m&rsquo;assure de suivre les lignes directrices de ma profession. Je suis une massoth\u00e9rapeute et kin\u00e9sith\u00e9rapeute passionn\u00e9e et bienveillante. J\u2019ai choisi cette carri\u00e8re car je [&hellip;]","og_url":"https:\/\/massotherapiekine3riv.ca\/","og_site_name":"Massoth\u00e9rapie-Kin\u00e9 Trois-Rivi\u00e8res","article_publisher":"https:\/\/www.facebook.com\/profile.php?id=61583209603912&locale=fr_CA","article_modified_time":"2026-01-23T17:49:21+00:00","og_image":[{"width":955,"height":960,"url":"https:\/\/massotherapiekine3riv.ca\/wp-content\/uploads\/2026\/01\/1000030197.jpg","type":"image\/jpeg"}],"twitter_card":"summary_large_image","twitter_misc":{"Estimation du temps de lecture":"2 minutes"},"schema":{"@context":"https:\/\/schema.org","@graph":[{"@type":"WebPage","@id":"https:\/\/massotherapiekine3riv.ca\/","url":"https:\/\/massotherapiekine3riv.ca\/","name":"Massoth\u00e9rapie-Kin\u00e9 Trois-Rivi\u00e8res - Massoth\u00e9rapie-Kin\u00e9 Trois-Rivi\u00e8res","isPartOf":{"@id":"https:\/\/massotherapiekine3riv.ca\/#website"},"primaryImageOfPage":{"@id":"https:\/\/massotherapiekine3riv.ca\/#primaryimage"},"image":{"@id":"https:\/\/massotherapiekine3riv.ca\/#primaryimage"},"thumbnailUrl":"https:\/\/massotherapiekine3riv.ca\/wp-content\/uploads\/2026\/01\/1000030197.jpg","datePublished":"2026-01-18T19:24:14+00:00","dateModified":"2026-01-23T17:49:21+00:00","breadcrumb":{"@id":"https:\/\/massotherapiekine3riv.ca\/#breadcrumb"},"inLanguage":"fr-CA","potentialAction":[{"@type":"ReadAction","target":["https:\/\/massotherapiekine3riv.ca\/"]}]},{"@type":"ImageObject","inLanguage":"fr-CA","@id":"https:\/\/massotherapiekine3riv.ca\/#primaryimage","url":"https:\/\/massotherapiekine3riv.ca\/wp-content\/uploads\/2026\/01\/1000030197.jpg","contentUrl":"https:\/\/massotherapiekine3riv.ca\/wp-content\/uploads\/2026\/01\/1000030197.jpg","width":955,"height":960},{"@type":"BreadcrumbList","@id":"https:\/\/massotherapiekine3riv.ca\/#breadcrumb","itemListElement":[{"@type":"ListItem","position":1,"name":"Accueil","item":"https:\/\/massotherapiekine3riv.ca\/"},{"@type":"ListItem","position":2,"name":"Massoth\u00e9rapie-Kin\u00e9 Trois-Rivi\u00e8res"}]},{"@type":"WebSite","@id":"https:\/\/massotherapiekine3riv.ca\/#website","url":"https:\/\/massotherapiekine3riv.ca\/","name":"Massoth\u00e9rapie-Kin\u00e9 Trois-Rivi\u00e8res","description":"Venez prendre soins de vous!","publisher":{"@id":"https:\/\/massotherapiekine3riv.ca\/#organization"},"alternateName":"Massoth\u00e9rapie Kin\u00e9sith\u00e9rapie Trois-Rivi\u00e8res","potentialAction":[{"@type":"SearchAction","target":{"@type":"EntryPoint","urlTemplate":"https:\/\/massotherapiekine3riv.ca\/?s={search_term_string}"},"query-input":{"@type":"PropertyValueSpecification","valueRequired":true,"valueName":"search_term_string"}}],"inLanguage":"fr-CA"},{"@type":"Organization","@id":"https:\/\/massotherapiekine3riv.ca\/#organization","name":"Massoth\u00e9rapie-Kin\u00e9 Trois-Rivi\u00e8res","url":"https:\/\/massotherapiekine3riv.ca\/","logo":{"@type":"ImageObject","inLanguage":"fr-CA","@id":"https:\/\/massotherapiekine3riv.ca\/#\/schema\/logo\/image\/","url":"https:\/\/massotherapiekine3riv.ca\/wp-content\/uploads\/2025\/11\/Logo-version-2.png","contentUrl":"https:\/\/massotherapiekine3riv.ca\/wp-content\/uploads\/2025\/11\/Logo-version-2.png","width":349,"height":348,"caption":"Massoth\u00e9rapie-Kin\u00e9 Trois-Rivi\u00e8res"},"image":{"@id":"https:\/\/massotherapiekine3riv.ca\/#\/schema\/logo\/image\/"},"sameAs":["https:\/\/www.facebook.com\/profile.php?id=61583209603912&locale=fr_CA"]}]}},"_links":{"self":[{"href":"https:\/\/massotherapiekine3riv.ca\/index.php?rest_route=\/wp\/v2\/pages\/61","targetHints":{"allow":["GET"]}}],"collection":[{"href":"https:\/\/massotherapiekine3riv.ca\/index.php?rest_route=\/wp\/v2\/pages"}],"about":[{"href":"https:\/\/massotherapiekine3riv.ca\/index.php?rest_route=\/wp\/v2\/types\/page"}],"author":[{"embeddable":true,"href":"https:\/\/massotherapiekine3riv.ca\/index.php?rest_route=\/wp\/v2\/users\/1"}],"replies":[{"embeddable":true,"href":"https:\/\/massotherapiekine3riv.ca\/index.php?rest_route=%2Fwp%2Fv2%2Fcomments&post=61"}],"version-history":[{"count":15,"href":"https:\/\/massotherapiekine3riv.ca\/index.php?rest_route=\/wp\/v2\/pages\/61\/revisions"}],"predecessor-version":[{"id":166,"href":"https:\/\/massotherapiekine3riv.ca\/index.php?rest_route=\/wp\/v2\/pages\/61\/revisions\/166"}],"wp:attachment":[{"href":"https:\/\/massotherapiekine3riv.ca\/index.php?rest_route=%2Fwp%2Fv2%2Fmedia&parent=61"}],"curies":[{"name":"wp","href":"https:\/\/api.w.org\/{rel}","templated":true}]}}